{"id":620,"date":"2025-08-12T12:38:06","date_gmt":"2025-08-12T10:38:06","guid":{"rendered":"https:\/\/142912.webtonia.cloud\/?page_id=620"},"modified":"2025-08-22T10:11:08","modified_gmt":"2025-08-22T08:11:08","slug":"die-rechtsschutzversicherung","status":"publish","type":"page","link":"https:\/\/142912.webtonia.cloud\/index.php\/die-rechtsschutzversicherung\/","title":{"rendered":"Die Rechtsschutzversicherung"},"content":{"rendered":"\t\t<div data-elementor-type=\"wp-page\" data-elementor-id=\"620\" class=\"elementor elementor-620\" data-elementor-settings=\"{&quot;element_pack_global_tooltip_width&quot;:{&quot;unit&quot;:&quot;px&quot;,&quot;size&quot;:&quot;&quot;,&quot;sizes&quot;:[]},&quot;element_pack_global_tooltip_width_tablet&quot;:{&quot;unit&quot;:&quot;px&quot;,&quot;size&quot;:&quot;&quot;,&quot;sizes&quot;:[]},&quot;element_pack_global_tooltip_width_mobile&quot;:{&quot;unit&quot;:&quot;px&quot;,&quot;size&quot;:&quot;&quot;,&quot;sizes&quot;:[]},&quot;element_pack_global_tooltip_padding&quot;:{&quot;unit&quot;:&quot;px&quot;,&quot;top&quot;:&quot;&quot;,&quot;right&quot;:&quot;&quot;,&quot;bottom&quot;:&quot;&quot;,&quot;left&quot;:&quot;&quot;,&quot;isLinked&quot;:true},&quot;element_pack_global_tooltip_padding_tablet&quot;:{&quot;unit&quot;:&quot;px&quot;,&quot;top&quot;:&quot;&quot;,&quot;right&quot;:&quot;&quot;,&quot;bottom&quot;:&quot;&quot;,&quot;left&quot;:&quot;&quot;,&quot;isLinked&quot;:true},&quot;element_pack_global_tooltip_padding_mobile&quot;:{&quot;unit&quot;:&quot;px&quot;,&quot;top&quot;:&quot;&quot;,&quot;right&quot;:&quot;&quot;,&quot;bottom&quot;:&quot;&quot;,&quot;left&quot;:&quot;&quot;,&quot;isLinked&quot;:true},&quot;element_pack_global_tooltip_border_radius&quot;:{&quot;unit&quot;:&quot;px&quot;,&quot;top&quot;:&quot;&quot;,&quot;right&quot;:&quot;&quot;,&quot;bottom&quot;:&quot;&quot;,&quot;left&quot;:&quot;&quot;,&quot;isLinked&quot;:true},&quot;element_pack_global_tooltip_border_radius_tablet&quot;:{&quot;unit&quot;:&quot;px&quot;,&quot;top&quot;:&quot;&quot;,&quot;right&quot;:&quot;&quot;,&quot;bottom&quot;:&quot;&quot;,&quot;left&quot;:&quot;&quot;,&quot;isLinked&quot;:true},&quot;element_pack_global_tooltip_border_radius_mobile&quot;:{&quot;unit&quot;:&quot;px&quot;,&quot;top&quot;:&quot;&quot;,&quot;right&quot;:&quot;&quot;,&quot;bottom&quot;:&quot;&quot;,&quot;left&quot;:&quot;&quot;,&quot;isLinked&quot;:true}}\" data-elementor-post-type=\"page\">\n\t\t\t\t<div class=\"elementor-element elementor-element-3235123 e-flex e-con-boxed e-con e-parent\" data-id=\"3235123\" data-element_type=\"container\" data-settings=\"{&quot;background_background&quot;:&quot;classic&quot;}\">\n\t\t\t\t\t<div class=\"e-con-inner\">\n\t\t\t\t<div class=\"elementor-element elementor-element-03cc7f2 elementor-widget__width-inherit elementor-widget elementor-widget-heading\" data-id=\"03cc7f2\" data-element_type=\"widget\" data-widget_type=\"heading.default\">\n\t\t\t\t\t<h1 class=\"elementor-heading-title elementor-size-default\">Die Rechtsschutzversicherung<\/h1>\t\t\t\t<\/div>\n\t\t\t\t\t<\/div>\n\t\t\t\t<\/div>\n\t\t<div class=\"elementor-element elementor-element-c30f112 e-flex e-con-boxed e-con e-parent\" data-id=\"c30f112\" data-element_type=\"container\">\n\t\t\t\t\t<div class=\"e-con-inner\">\n\t\t\t\t<div class=\"elementor-element elementor-element-39a7e3d elementor-widget elementor-widget-heading\" data-id=\"39a7e3d\" data-element_type=\"widget\" data-widget_type=\"heading.default\">\n\t\t\t\t\t<h2 class=\"elementor-heading-title elementor-size-default\">Ein Rechtsstreit kostet immer Geld. Ihr Gegner muss diese Kosten nur dann \u00fcbernehmen, wenn er vor Gericht verliert. Daher scheuen viele solch eine Auseinandersetzung aus Angst vor den entstehenden Kosten \u2013 und das selbst wenn sie im Recht sind. Eine Rechtsschutz-Versicherung kann s\u00e4mtliche Kosten f\u00fcr alle Rechtsstreitigkeiten abdecken, die Sie f\u00fchren m\u00fcssen.<\/h2>\t\t\t\t<\/div>\n\t\t<div class=\"elementor-element elementor-element-333131a e-con-full e-flex e-con e-child\" data-id=\"333131a\" data-element_type=\"container\">\n\t\t\t\t<div class=\"elementor-element elementor-element-2fefc4d elementor-mobile-align-justify elementor-widget-mobile__width-inherit elementor-widget elementor-widget-button\" data-id=\"2fefc4d\" data-element_type=\"widget\" data-widget_type=\"button.default\">\n\t\t\t\t\t\t\t\t\t\t<a class=\"elementor-button elementor-button-link elementor-size-sm\" href=\"https:\/\/142912.webtonia.cloud\/index.php\/beratungstermin-vereinbaren\/\">\n\t\t\t\t\t\t<span class=\"elementor-button-content-wrapper\">\n\t\t\t\t\t\t<span class=\"elementor-button-icon\">\n\t\t\t\t<svg aria-hidden=\"true\" class=\"e-font-icon-svg e-fas-long-arrow-alt-right\" viewBox=\"0 0 448 512\" xmlns=\"http:\/\/www.w3.org\/2000\/svg\"><path d=\"M313.941 216H12c-6.627 0-12 5.373-12 12v56c0 6.627 5.373 12 12 12h301.941v46.059c0 21.382 25.851 32.09 40.971 16.971l86.059-86.059c9.373-9.373 9.373-24.569 0-33.941l-86.059-86.059c-15.119-15.119-40.971-4.411-40.971 16.971V216z\"><\/path><\/svg>\t\t\t<\/span>\n\t\t\t\t\t\t\t\t\t<span class=\"elementor-button-text\">Kontaktieren Sie uns jetzt<\/span>\n\t\t\t\t\t<\/span>\n\t\t\t\t\t<\/a>\n\t\t\t\t\t\t\t\t<\/div>\n\t\t\t\t<\/div>\n\t\t\t\t\t<\/div>\n\t\t\t\t<\/div>\n\t\t<div class=\"elementor-element elementor-element-b0e6a98 e-flex e-con-boxed e-con e-parent\" data-id=\"b0e6a98\" data-element_type=\"container\">\n\t\t\t\t\t<div class=\"e-con-inner\">\n\t\t<div class=\"elementor-element elementor-element-56f2ea6 e-flex e-con-boxed e-con e-child\" data-id=\"56f2ea6\" data-element_type=\"container\">\n\t\t\t\t\t<div class=\"e-con-inner\">\n\t\t\t\t<div class=\"elementor-element elementor-element-c88ef25 elementor-widget__width-inherit elementor-widget elementor-widget-n-accordion\" data-id=\"c88ef25\" data-element_type=\"widget\" data-settings=\"{&quot;default_state&quot;:&quot;all_collapsed&quot;,&quot;n_accordion_animation_duration&quot;:{&quot;unit&quot;:&quot;ms&quot;,&quot;size&quot;:300,&quot;sizes&quot;:[]},&quot;max_items_expended&quot;:&quot;one&quot;}\" data-widget_type=\"nested-accordion.default\">\n\t\t\t\t\t\t\t<div class=\"e-n-accordion\" aria-label=\"Accordion. Open links with Enter or Space, close with Escape, and navigate with Arrow Keys\">\n\t\t\t\t\t\t<details id=\"e-n-accordion-item-2100\" class=\"e-n-accordion-item\" >\n\t\t\t\t<summary class=\"e-n-accordion-item-title\" data-accordion-index=\"1\" tabindex=\"0\" aria-expanded=\"false\" aria-controls=\"e-n-accordion-item-2100\" >\n\t\t\t\t\t<span class='e-n-accordion-item-title-header'><h3 class=\"e-n-accordion-item-title-text\"> Was ist versichert? <\/h3><\/span>\n\t\t\t\t\t\t\t<span class='e-n-accordion-item-title-icon'>\n\t\t\t<span class='e-opened' ><svg aria-hidden=\"true\" class=\"e-font-icon-svg e-fas-minus\" viewBox=\"0 0 448 512\" xmlns=\"http:\/\/www.w3.org\/2000\/svg\"><path d=\"M416 208H32c-17.67 0-32 14.33-32 32v32c0 17.67 14.33 32 32 32h384c17.67 0 32-14.33 32-32v-32c0-17.67-14.33-32-32-32z\"><\/path><\/svg><\/span>\n\t\t\t<span class='e-closed'><svg aria-hidden=\"true\" class=\"e-font-icon-svg e-fas-plus\" viewBox=\"0 0 448 512\" xmlns=\"http:\/\/www.w3.org\/2000\/svg\"><path d=\"M416 208H272V64c0-17.67-14.33-32-32-32h-32c-17.67 0-32 14.33-32 32v144H32c-17.67 0-32 14.33-32 32v32c0 17.67 14.33 32 32 32h144v144c0 17.67 14.33 32 32 32h32c17.67 0 32-14.33 32-32V304h144c17.67 0 32-14.33 32-32v-32c0-17.67-14.33-32-32-32z\"><\/path><\/svg><\/span>\n\t\t<\/span>\n\n\t\t\t\t\t\t<\/summary>\n\t\t\t\t<div role=\"region\" aria-labelledby=\"e-n-accordion-item-2100\" class=\"elementor-element elementor-element-638e23f e-con-full e-flex e-con e-child\" data-id=\"638e23f\" data-element_type=\"container\">\n\t\t\t\t<div class=\"elementor-element elementor-element-71cd39b elementor-widget elementor-widget-text-editor\" data-id=\"71cd39b\" data-element_type=\"widget\" data-widget_type=\"text-editor.default\">\n\t\t\t\t\t\t\t\t\t<p>Alle rechtlichen Belangen k\u00f6nnen grunds\u00e4tzlich versichert werden. Je nach Bedarf k\u00f6nnen f\u00fcr verschiedene juristische Bereiche spezielle Versicherungen abgeschlossen werden.<\/p><p><strong>zus\u00e4tzlich kann das Risiko der Teilnahme am Stra\u00dfenverkehr versichert werden. F\u00fcr:<br \/><\/strong><\/p><ul><li>Eigent\u00fcmer, Halter, Fahrer oder Insasse aller bei Vertragsabschlu\u00df und w\u00e4hrend der Vertragsdauer auf Sie zugelassenen oder auf Ihren Namen versicherten Fahrzeuge<\/li><li>Fahrer nicht auf Sie zugelassener Fahrzeuge<\/li><li>Fu\u00dfg\u00e4nger, Radfahrer oder Fahrg\u00e4ste<\/li><\/ul>\t\t\t\t\t\t\t\t<\/div>\n\t\t\t\t<\/div>\n\t\t\t\t\t<\/details>\n\t\t\t\t\t\t<details id=\"e-n-accordion-item-2101\" class=\"e-n-accordion-item\" >\n\t\t\t\t<summary class=\"e-n-accordion-item-title\" data-accordion-index=\"2\" tabindex=\"-1\" aria-expanded=\"false\" aria-controls=\"e-n-accordion-item-2101\" >\n\t\t\t\t\t<span class='e-n-accordion-item-title-header'><h3 class=\"e-n-accordion-item-title-text\"> Was ist nicht versichert? <\/h3><\/span>\n\t\t\t\t\t\t\t<span class='e-n-accordion-item-title-icon'>\n\t\t\t<span class='e-opened' ><svg aria-hidden=\"true\" class=\"e-font-icon-svg e-fas-minus\" viewBox=\"0 0 448 512\" xmlns=\"http:\/\/www.w3.org\/2000\/svg\"><path d=\"M416 208H32c-17.67 0-32 14.33-32 32v32c0 17.67 14.33 32 32 32h384c17.67 0 32-14.33 32-32v-32c0-17.67-14.33-32-32-32z\"><\/path><\/svg><\/span>\n\t\t\t<span class='e-closed'><svg aria-hidden=\"true\" class=\"e-font-icon-svg e-fas-plus\" viewBox=\"0 0 448 512\" xmlns=\"http:\/\/www.w3.org\/2000\/svg\"><path d=\"M416 208H272V64c0-17.67-14.33-32-32-32h-32c-17.67 0-32 14.33-32 32v144H32c-17.67 0-32 14.33-32 32v32c0 17.67 14.33 32 32 32h144v144c0 17.67 14.33 32 32 32h32c17.67 0 32-14.33 32-32V304h144c17.67 0 32-14.33 32-32v-32c0-17.67-14.33-32-32-32z\"><\/path><\/svg><\/span>\n\t\t<\/span>\n\n\t\t\t\t\t\t<\/summary>\n\t\t\t\t<div role=\"region\" aria-labelledby=\"e-n-accordion-item-2101\" class=\"elementor-element elementor-element-e4e4e1e e-con-full e-flex e-con e-child\" data-id=\"e4e4e1e\" data-element_type=\"container\">\n\t\t\t\t<div class=\"elementor-element elementor-element-df643c9 elementor-widget elementor-widget-text-editor\" data-id=\"df643c9\" data-element_type=\"widget\" data-widget_type=\"text-editor.default\">\n\t\t\t\t\t\t\t\t\t<strong>Folgende Risiken sind vom Versicherungsschutz ausgeschlossen:<\/strong>\n<ul>\n \t<li>Abwehr von Schadenersatzanspr\u00fcchen Dritter<\/li>\n \t<li>Streitigkeiten aus einer vors\u00e4tzlich begangenen Straftat<\/li>\n \t<li>Streitigkeiten mit der eigenen Rechtsschutz-Versicherungsgesellschaft<\/li>\n \t<li>Streitigkeiten zwischen Versicherungsnehmer und Personen, die in der gleichen Versicherungspolice mitversichert sind<\/li>\n \t<li>Streitigkeiten im Zusammenhang mit Spiel- oder Wettvertr\u00e4gen sowie Termin- oder \u00e4hnlichen Spekulationsgesch\u00e4ften<\/li>\n \t<li>Ordnungswidrigkeiten, die vors\u00e4tzlich begangen wurden<\/li>\n \t<li>Streitigkeiten, die bei der Planung, Errichtung, Umbau und Finanzierung von Immobilien entstehen<\/li>\n \t<li>Enteignungs-, Planfeststellungs-, Flurbereinigungsverfahren sowie alle im Baugesetzbuch geregelten Angelegenheiten<\/li>\n \t<li>Bergbausch\u00e4den, die an Geb\u00e4uden oder Grundst\u00fccken entstehen<\/li>\n \t<li>Erschlie\u00dfungs- und Anliegerabgaben sowie steuerliche Bewertung von Grundst\u00fccken<\/li>\n \t<li>Streitigkeiten aus Halte- und Parkverst\u00f6\u00dfen<\/li>\n<\/ul>\n<br>\n<strong>Folgende Kosten werden von der Versicherung nicht \u00fcbernommen:<\/strong>\n<ul>\n \t<li>Kosten, die durch die vierte oder jeder weiteren Zwangsvollstreckungsma\u00dfnahme je Vollstreckungstitel entstehen<\/li>\n \t<li>Kosten, die ein Anderer \u00fcbernehmen m\u00fcsste, wenn keine Rechtsschutzversicherung besteht<\/li>\n<\/ul>\n<br>\n<strong>Die Rechtsschutzversicherung enth\u00e4lt verschiedene Leistungen:<\/strong>\n<ul>\n \t<li>Schadenersatz-Rechtsschutz f\u00fcr die Geltendmachung von Schadenersatzanspr\u00fcchen, soweit diese nicht auch auf einer Vertragsverletzung beruhen<\/li>\n \t<li>Arbeits-Rechtsschutz f\u00fcr die Wahrnehmung rechtlicher Interessen aus Arbeitsverh\u00e4ltnissen<\/li>\n \t<li>Rechtsschutz im Vertrags- und Sachenrecht f\u00fcr die Wahrnehmung rechtlicher Interessen aus privatrechlichen Schuldverh\u00e4ltnissen und dinglichen Rechten, soweit der Versicherungsschutz nicht in der Leistungsart Schadenersatz-Rechtsschutz enthalten ist.<\/li>\n \t<li>Steuer-Rechtsschutz f\u00fcr die Wahrnehmung rechtlicher Interessen in steuer- und abgaberechtlichen Angelegenheiten vor deutschen Finanz- und Verwaltungsgerichten.<\/li>\n \t<li>Sozialgerichts-Rechtsschutz f\u00fcr die Wahrnehmung rechtlicher Interessen vor deutschen Sozialgerichten<\/li>\n \t<li>Disziplinar- und Standes-Rechtsschutz f\u00fcr die Verteidigung in Disziplinar- und Standesrechtsverfahren<\/li>\n \t<li>Straf-Rechtsschutz f\u00fcr die Verteidigung wegen des Vorwurfes eines Vergehens<\/li>\n \t<li>Ordnungswidrigkeiten-Rechtsschutz f\u00fcr die Verteidigung wegen des Vorwurfes einer Ordnungswidrigkeit<\/li>\n \t<li>Beratungs-Rechtsschutz im Familien- und Erbrecht nach Eintritt eines Rechtsschutzfalles f\u00fcr Rat oder Auskunft eines in Deutschland zugelassenen Rechtsanwaltes, wenn die Angelegenheit nicht mit einer anderen geb\u00fchrenpflichtigen T\u00e4tigkeit des Rechtsanwaltes zusammenh\u00e4ngt<\/li>\n<\/ul>\t\t\t\t\t\t\t\t<\/div>\n\t\t\t\t<\/div>\n\t\t\t\t\t<\/details>\n\t\t\t\t\t\t<details id=\"e-n-accordion-item-2102\" class=\"e-n-accordion-item\" >\n\t\t\t\t<summary class=\"e-n-accordion-item-title\" data-accordion-index=\"3\" tabindex=\"-1\" aria-expanded=\"false\" aria-controls=\"e-n-accordion-item-2102\" >\n\t\t\t\t\t<span class='e-n-accordion-item-title-header'><h3 class=\"e-n-accordion-item-title-text\"> Welche Kosten sind versichert? <\/h3><\/span>\n\t\t\t\t\t\t\t<span class='e-n-accordion-item-title-icon'>\n\t\t\t<span class='e-opened' ><svg aria-hidden=\"true\" class=\"e-font-icon-svg e-fas-minus\" viewBox=\"0 0 448 512\" xmlns=\"http:\/\/www.w3.org\/2000\/svg\"><path d=\"M416 208H32c-17.67 0-32 14.33-32 32v32c0 17.67 14.33 32 32 32h384c17.67 0 32-14.33 32-32v-32c0-17.67-14.33-32-32-32z\"><\/path><\/svg><\/span>\n\t\t\t<span class='e-closed'><svg aria-hidden=\"true\" class=\"e-font-icon-svg e-fas-plus\" viewBox=\"0 0 448 512\" xmlns=\"http:\/\/www.w3.org\/2000\/svg\"><path d=\"M416 208H272V64c0-17.67-14.33-32-32-32h-32c-17.67 0-32 14.33-32 32v144H32c-17.67 0-32 14.33-32 32v32c0 17.67 14.33 32 32 32h144v144c0 17.67 14.33 32 32 32h32c17.67 0 32-14.33 32-32V304h144c17.67 0 32-14.33 32-32v-32c0-17.67-14.33-32-32-32z\"><\/path><\/svg><\/span>\n\t\t<\/span>\n\n\t\t\t\t\t\t<\/summary>\n\t\t\t\t<div role=\"region\" aria-labelledby=\"e-n-accordion-item-2102\" class=\"elementor-element elementor-element-07fb387 e-con-full e-flex e-con e-child\" data-id=\"07fb387\" data-element_type=\"container\">\n\t\t\t\t<div class=\"elementor-element elementor-element-0157b1b elementor-widget elementor-widget-text-editor\" data-id=\"0157b1b\" data-element_type=\"widget\" data-widget_type=\"text-editor.default\">\n\t\t\t\t\t\t\t\t\t<p><strong>Bis zu der im Versicherungsvertrag ausgewiesenen Versicherungssumme leistet Die Rechtsschutzversicherung deckt eine Vielzahl f\u00fcr<\/strong><\/p><ul><li>Kosten des eigenen Anwalts<\/li><li>Kosten eines Korrespondenzanwalts, wenn das Gericht \u00fcber 100 Km vom Wohnort des Versicherungsnehmers entfernt ist<\/li><li>Gerichtskosten einschlie\u00dflich Zeugengelder und Kosten gerichtlich bestellter Sachverst\u00e4ndiger<\/li><li>Gerichtsvollzieherkosten<\/li><li>Kosten eines eigenen Sachverst\u00e4ndigen<\/li><li>Kosten zur Verteidigung in Straf- und Ordnungswidrigkeitsverfahren im Verkehrsrecht<\/li><li>Kosten zur Geltendmachung verkehrsrechtlicher Schadenersatzanspr\u00fcche bei Auslandsf\u00e4llen<\/li><li>Kosten bei Streitigkeiten, denen ein Kfz- Kauf- oder Reparaturvertrag zu Grunde liegt.<\/li><li>Reisekosten des Versicherungsnehmers zu ausl\u00e4ndischen Gerichten, wenn das pers\u00f6nliche Erscheinen gerichtlich angeordnet wurde<\/li><li>\u00dcbersetzungskosten f\u00fcr Unterlagen in Auslandsf\u00e4llen<\/li><li>Kosten der Gegenseite, soweit die Verpflichtung des Versicherungsnehmers zur Erstattung besteht<\/li><\/ul>\t\t\t\t\t\t\t\t<\/div>\n\t\t\t\t<\/div>\n\t\t\t\t\t<\/details>\n\t\t\t\t\t\t<details id=\"e-n-accordion-item-2103\" class=\"e-n-accordion-item\" >\n\t\t\t\t<summary class=\"e-n-accordion-item-title\" data-accordion-index=\"4\" tabindex=\"-1\" aria-expanded=\"false\" aria-controls=\"e-n-accordion-item-2103\" >\n\t\t\t\t\t<span class='e-n-accordion-item-title-header'><h3 class=\"e-n-accordion-item-title-text\"> Wer ist versichert? <\/h3><\/span>\n\t\t\t\t\t\t\t<span class='e-n-accordion-item-title-icon'>\n\t\t\t<span class='e-opened' ><svg aria-hidden=\"true\" class=\"e-font-icon-svg e-fas-minus\" viewBox=\"0 0 448 512\" xmlns=\"http:\/\/www.w3.org\/2000\/svg\"><path d=\"M416 208H32c-17.67 0-32 14.33-32 32v32c0 17.67 14.33 32 32 32h384c17.67 0 32-14.33 32-32v-32c0-17.67-14.33-32-32-32z\"><\/path><\/svg><\/span>\n\t\t\t<span class='e-closed'><svg aria-hidden=\"true\" class=\"e-font-icon-svg e-fas-plus\" viewBox=\"0 0 448 512\" xmlns=\"http:\/\/www.w3.org\/2000\/svg\"><path d=\"M416 208H272V64c0-17.67-14.33-32-32-32h-32c-17.67 0-32 14.33-32 32v144H32c-17.67 0-32 14.33-32 32v32c0 17.67 14.33 32 32 32h144v144c0 17.67 14.33 32 32 32h32c17.67 0 32-14.33 32-32V304h144c17.67 0 32-14.33 32-32v-32c0-17.67-14.33-32-32-32z\"><\/path><\/svg><\/span>\n\t\t<\/span>\n\n\t\t\t\t\t\t<\/summary>\n\t\t\t\t<div role=\"region\" aria-labelledby=\"e-n-accordion-item-2103\" class=\"elementor-element elementor-element-0e643a1 e-con-full e-flex e-con e-child\" data-id=\"0e643a1\" data-element_type=\"container\">\n\t\t\t\t<div class=\"elementor-element elementor-element-77556cf elementor-widget elementor-widget-text-editor\" data-id=\"77556cf\" data-element_type=\"widget\" data-widget_type=\"text-editor.default\">\n\t\t\t\t\t\t\t\t\t<p><strong>Je nach Bedarf lassen sich verschiedene Personen versichern:<\/strong><\/p><ul><li>Versicherungsnehmer<\/li><li>Ehegatte oder nichtehelicher Lebenspartner<\/li><li>Minderj\u00e4hrige Kinder<\/li><li>Vollj\u00e4hrige unverheiratete Kinder bis zu dem Zeitpunkt, an dem diese erstmalig eine auf Dauer angelegte berufliche T\u00e4tigkeit aus\u00fcben<\/li><\/ul>\t\t\t\t\t\t\t\t<\/div>\n\t\t\t\t<\/div>\n\t\t\t\t\t<\/details>\n\t\t\t\t\t\t<details id=\"e-n-accordion-item-2104\" class=\"e-n-accordion-item\" >\n\t\t\t\t<summary class=\"e-n-accordion-item-title\" data-accordion-index=\"5\" tabindex=\"-1\" aria-expanded=\"false\" aria-controls=\"e-n-accordion-item-2104\" >\n\t\t\t\t\t<span class='e-n-accordion-item-title-header'><h3 class=\"e-n-accordion-item-title-text\"> Wo gilt die Versicherung? <\/h3><\/span>\n\t\t\t\t\t\t\t<span class='e-n-accordion-item-title-icon'>\n\t\t\t<span class='e-opened' ><svg aria-hidden=\"true\" class=\"e-font-icon-svg e-fas-minus\" viewBox=\"0 0 448 512\" xmlns=\"http:\/\/www.w3.org\/2000\/svg\"><path d=\"M416 208H32c-17.67 0-32 14.33-32 32v32c0 17.67 14.33 32 32 32h384c17.67 0 32-14.33 32-32v-32c0-17.67-14.33-32-32-32z\"><\/path><\/svg><\/span>\n\t\t\t<span class='e-closed'><svg aria-hidden=\"true\" class=\"e-font-icon-svg e-fas-plus\" viewBox=\"0 0 448 512\" xmlns=\"http:\/\/www.w3.org\/2000\/svg\"><path d=\"M416 208H272V64c0-17.67-14.33-32-32-32h-32c-17.67 0-32 14.33-32 32v144H32c-17.67 0-32 14.33-32 32v32c0 17.67 14.33 32 32 32h144v144c0 17.67 14.33 32 32 32h32c17.67 0 32-14.33 32-32V304h144c17.67 0 32-14.33 32-32v-32c0-17.67-14.33-32-32-32z\"><\/path><\/svg><\/span>\n\t\t<\/span>\n\n\t\t\t\t\t\t<\/summary>\n\t\t\t\t<div role=\"region\" aria-labelledby=\"e-n-accordion-item-2104\" class=\"elementor-element elementor-element-21800eb e-con-full e-flex e-con e-child\" data-id=\"21800eb\" data-element_type=\"container\">\n\t\t\t\t<div class=\"elementor-element elementor-element-4fe3c43 elementor-widget elementor-widget-text-editor\" data-id=\"4fe3c43\" data-element_type=\"widget\" data-widget_type=\"text-editor.default\">\n\t\t\t\t\t\t\t\t\t<p>Grunds\u00e4tzlich gilt der Versicherungsschutz weltweit. Verschiedene rechtliche Auseinandersetzungen m\u00fcssen in Deutschland ausgetragen werden, z.B. besteht der Sozialgerichts- und Steuer-Rechtsschutz nur vor deutschen Gerichten.<\/p>\t\t\t\t\t\t\t\t<\/div>\n\t\t\t\t<\/div>\n\t\t\t\t\t<\/details>\n\t\t\t\t\t\t<details id=\"e-n-accordion-item-2105\" class=\"e-n-accordion-item\" >\n\t\t\t\t<summary class=\"e-n-accordion-item-title\" data-accordion-index=\"6\" tabindex=\"-1\" aria-expanded=\"false\" aria-controls=\"e-n-accordion-item-2105\" >\n\t\t\t\t\t<span class='e-n-accordion-item-title-header'><h3 class=\"e-n-accordion-item-title-text\"> Gibt es Wartezeiten? <\/h3><\/span>\n\t\t\t\t\t\t\t<span class='e-n-accordion-item-title-icon'>\n\t\t\t<span class='e-opened' ><svg aria-hidden=\"true\" class=\"e-font-icon-svg e-fas-minus\" viewBox=\"0 0 448 512\" xmlns=\"http:\/\/www.w3.org\/2000\/svg\"><path d=\"M416 208H32c-17.67 0-32 14.33-32 32v32c0 17.67 14.33 32 32 32h384c17.67 0 32-14.33 32-32v-32c0-17.67-14.33-32-32-32z\"><\/path><\/svg><\/span>\n\t\t\t<span class='e-closed'><svg aria-hidden=\"true\" class=\"e-font-icon-svg e-fas-plus\" viewBox=\"0 0 448 512\" xmlns=\"http:\/\/www.w3.org\/2000\/svg\"><path d=\"M416 208H272V64c0-17.67-14.33-32-32-32h-32c-17.67 0-32 14.33-32 32v144H32c-17.67 0-32 14.33-32 32v32c0 17.67 14.33 32 32 32h144v144c0 17.67 14.33 32 32 32h32c17.67 0 32-14.33 32-32V304h144c17.67 0 32-14.33 32-32v-32c0-17.67-14.33-32-32-32z\"><\/path><\/svg><\/span>\n\t\t<\/span>\n\n\t\t\t\t\t\t<\/summary>\n\t\t\t\t<div role=\"region\" aria-labelledby=\"e-n-accordion-item-2105\" class=\"elementor-element elementor-element-3ed3c4a e-con-full e-flex e-con e-child\" data-id=\"3ed3c4a\" data-element_type=\"container\">\n\t\t\t\t<div class=\"elementor-element elementor-element-a57035a elementor-widget elementor-widget-text-editor\" data-id=\"a57035a\" data-element_type=\"widget\" data-widget_type=\"text-editor.default\">\n\t\t\t\t\t\t\t\t\t<p><strong>Eine Wartezeit von 3 Monaten besteht im<\/strong><\/p><ul><li>Arbeits-Rechtsschutz<\/li><li>Geb\u00e4ude-, Wohnungs- und Grundst\u00fccks-Rechtsschutz<\/li><li>Rechtsschutz im Vertrags- und Sachenrecht<\/li><li>Steuer-Rechtsschutz<\/li><li>Sozialgerichts-Rechtsschutz<\/li><li>Verwaltungs-Rechtsschutz<\/li><\/ul><p>Dies soll verhindern, dass eine Rechtsschutzversicherung abgeschlossen wird, wenn sich ein Schadensfall bereits abzeichnet.<\/p><p>Die Wartezeit entf\u00e4llt, wenn ein gleichartiger Vertrag bei einer anderen Gesellschaft f\u00fcr das gleiche Risiko bestanden hat und der neue Vertrag direkt anschlie\u00dft.<br \/><strong>Keine Wartezeit besteht f\u00fcr Leistungsarten, bei denen ein Schadenfall zeitlich kaum vorhersehbar ist:<\/strong><\/p><ul><li>Schadenersatz-Rechtsschutz<\/li><li>Disziplinar- und Standes-Rechtsschutz<\/li><li>Straf-Rechtsschutz<\/li><li>Ordnungswidrigkeiten-Rechtsschutz<\/li><li>im Familien- und Erbrecht<\/li><li>bei Kauf- oder Leasingvertr\u00e4gen \u00fcber ein neues Fahrzeug<\/li><\/ul>\t\t\t\t\t\t\t\t<\/div>\n\t\t\t\t<\/div>\n\t\t\t\t\t<\/details>\n\t\t\t\t\t<\/div>\n\t\t\t\t\t\t<\/div>\n\t\t\t\t\t<\/div>\n\t\t\t\t<\/div>\n\t\t\t\t\t<\/div>\n\t\t\t\t<\/div>\n\t\t\t\t<\/div>\n\t\t","protected":false},"excerpt":{"rendered":"<p>Die Rechtsschutzversicherung Ein Rechtsstreit kostet immer Geld. Ihr Gegner muss diese Kosten nur dann \u00fcbernehmen, wenn er vor Gericht verliert. Daher scheuen viele solch eine Auseinandersetzung aus Angst vor den entstehenden Kosten \u2013 und das selbst wenn sie im Recht sind. Eine Rechtsschutz-Versicherung kann s\u00e4mtliche Kosten f\u00fcr alle Rechtsstreitigkeiten abdecken, die Sie f\u00fchren m\u00fcssen. Kontaktieren [&hellip;]<\/p>\n","protected":false},"author":1,"featured_media":0,"parent":0,"menu_order":0,"comment_status":"closed","ping_status":"closed","template":"","meta":{"footnotes":""},"class_list":["post-620","page","type-page","status-publish","hentry"],"_links":{"self":[{"href":"https:\/\/142912.webtonia.cloud\/index.php\/wp-json\/wp\/v2\/pages\/620","targetHints":{"allow":["GET"]}}],"collection":[{"href":"https:\/\/142912.webtonia.cloud\/index.php\/wp-json\/wp\/v2\/pages"}],"about":[{"href":"https:\/\/142912.webtonia.cloud\/index.php\/wp-json\/wp\/v2\/types\/page"}],"author":[{"embeddable":true,"href":"https:\/\/142912.webtonia.cloud\/index.php\/wp-json\/wp\/v2\/users\/1"}],"replies":[{"embeddable":true,"href":"https:\/\/142912.webtonia.cloud\/index.php\/wp-json\/wp\/v2\/comments?post=620"}],"version-history":[{"count":49,"href":"https:\/\/142912.webtonia.cloud\/index.php\/wp-json\/wp\/v2\/pages\/620\/revisions"}],"predecessor-version":[{"id":2066,"href":"https:\/\/142912.webtonia.cloud\/index.php\/wp-json\/wp\/v2\/pages\/620\/revisions\/2066"}],"wp:attachment":[{"href":"https:\/\/142912.webtonia.cloud\/index.php\/wp-json\/wp\/v2\/media?parent=620"}],"curies":[{"name":"wp","href":"https:\/\/api.w.org\/{rel}","templated":true}]}}